et a(b) = -6*g(b) + 17*q(b). What are the prime factors of a(-9)?
7
Suppose 4*r = -2*f - r - 565, -r - 867 = 3*f. Let q = -163 - f. List the prime factors of q.
127
Let h(a) = -22*a**3 - 4*a**2 + 5*a - 3. Let m be h(3). Let g = m - -924. What are the prime factors of g?
2, 3, 17
Suppose 0 = 8*s + 81 - 1441. Let b = s + -125. What are the prime factors of b?
3, 5
Let f(v) = 1176*v**3 - 10*v**2 + 23*v - 4. What are the prime factors of f(4)?
2, 3, 13, 241
Let q be 1 + 35/(-7) - 5/(-1). What are the prime factors of 25/(-2)*((-4433)/65 + q)?
2, 3, 5, 7
Let g be 2 - (-60)/(-33) - (-36)/44. Let a be 4 + g*(-3 - 2). List the prime factors of a + 657/6 + (-1)/(-2).
109
Let g(l) = -21*l**2 + 6. Let t(o) = o**2 + o. Let n(z) = g(z) + 15*t(z). Let v be n(5). Let y = v - -82. What are the prime factors of y?
13
Let l(c) = 7279*c**2 + 82*c - 151. List the prime factors of l(2).
29129
Let q be 2/(((-5)/(-25))/((-7)/2)). Let o be q*(-2 + 40/35). What are the prime factors of (31*-2)/(o/(-105))?
7, 31
Let x = 53 + -53. Suppose 5*w = -4*c + 703, -5*w + x*c = c - 697. Suppose -3*b = -w - 62. What are the prime factors of b?
67
List the prime factors of ((-18)/(-10))/(256/252160).
3, 197
Let d(q) = q**3 - 53*q**2 + 50*q + 462. Let z be d(52). Let n be (-1707)/12*(-8)/2. Let c = n - z. What are the prime factors of c?
211
Let c be (6/(-27))/1 + 21350/90. Suppose 2*y - 4*o = -0*o + 246, -o - c = -2*y. List the prime factors of y.
3, 13
Let o(w) = -4 - 16*w**2 - 260*w**3 + 13 + 8*w + 258*w**3. List the prime factors of o(-9).
3, 11
What are the prime factors of (-91)/(-104)*4/14 - (-32647)/4?
2, 7, 11, 53
Let y(u) = u**3 + 7*u**2 + u + 50. Let b be y(-10). Let c = 36 - b. List the prime factors of c.
2, 37
Let w = -409 - -99. What are the prime factors of (891/(-45))/11*w/6?
3, 31
Let c(k) = -k**3 - 5*k**2 - 3*k - 8. Let m be c(-5). Suppose -7 - 21 = -m*z. Suppose -2*d + 216 = o, -z*d - 2*o + 5*o + 412 = 0. List the prime factors of d.
2, 53
Let m = 1190 - 230. What are the prime factors of (-82)/(-60)*316 - (-128)/m?
2, 3
Let g(n) = -n**3 - 163*n**2 - 133*n - 2678. List the prime factors of g(-165).
7, 10531
Let s = -54 + 36. Let b(t) = -2*t**2 + 24*t + 18. Let u(m) = -3*m**2 + 24*m + 17. Let f(j) = -4*b(j) + 3*u(j). What are the prime factors of f(s)?
3, 29
Let o be 2/4 + (-218)/(-4). Let d be (0 - -4)/2*(-4050)/(-100). Let j = d - o. What are the prime factors of j?
2, 13
Suppose m + 1 + 7 = 0. Let w be (1644/16)/((-3)/m). Suppose 5*i - 724 + w = 0. What are the prime factors of i?
2, 3, 5
Suppose 53*q - 151*q = 45*q - 1484054. What are the prime factors of q?
2, 5189
Let p(q) = 79*q - 3. Let o be p(-8). Let s = o - -2008. What are the prime factors of s?
1373
Suppose 13 = 3*k - 4*v, -k - 13 = -5*k + v. What are the prime factors of 36/(-24)*(-332)/k?
2, 83
Let l(y) = 54*y**3 - 4*y**2 + 191*y + 5. List the prime factors of l(8).
5, 13, 89
Suppose -4*r + 7 - 63 = 0. Let z be (-2202)/r + 1 + (-45)/35. List the prime factors of z + -1 - 48/12.
2, 19
Suppose -23*v = -254 + 93. Suppose 3810 = v*i - 4135. List the prime factors of i.
5, 227
Let h = 13294 + 12688. What are the prime factors of h?
2, 11, 1181
Let g(f) = 485*f - 570. What are the prime factors of g(9)?
3, 5, 11, 23
Suppose -42 = -0*t - 21*t. What are the prime factors of (t + -3)*(-39 + 1)?
2, 19
Let n be 18/8*9/((-162)/(-120)). Let m be (-42)/8*(-335)/n*-4. Let g = -326 - m. List the prime factors of g.
11, 13
Let f = 25653 + -12940. List the prime factors of f.
12713
Let x(z) = 3*z**2 + z**3 - 5 - z**2 + 4*z**2 + 10 - 7*z. Let w be x(-7). Suppose -b + w = 0, -2*m + 75 = b + 2. List the prime factors of m.
2, 17
Let y(t) = 653*t**2 - 5. List the prime factors of y(8).
3, 4643
Suppose 3136*r + 1062561 + 1576509 = 3181*r. List the prime factors of r.
2, 7, 59, 71
Let u be 58/12 + (-11)/(-330)*5. List the prime factors of -143*3/(-24) + u/40.
2, 3
What are the prime factors of (-10779741)/(-252) + ((-3)/8)/((-6)/20)?
2, 73, 293
Let i = -422 - 583. List the prime factors of 90/(-75)*i/9.
2, 67
Let f(v) = -v**3 + 6*v**2 - 4*v + 13. Let l = -114 - -119. Let u be f(l). What are the prime factors of 760/u + (-8)/36?
2, 3, 7
Let c = 7360 + -5258. List the prime factors of c.
2, 1051
Suppose -2*p - 2*w + 33 = -7*w, 4*p - 126 = -2*w. Suppose -3*r + p = 5*z, -5*r = -2*z - 33 - 67. What are the prime factors of r?
2, 3
Suppose -36*o + 30*o = 0. Suppose -2*s - 428 = -l + 982, o = -4*s. What are the prime factors of l?
2, 3, 5, 47
Let u be ((-9)/9)/1 - -14. Let f(h) = 79*h - 151. List the prime factors of f(u).
2, 3, 73
Let u(l) = l**3 - 17*l**2 + 2*l - 30. Let d be u(16). Let f = d - -488. List the prime factors of f.
2, 3, 13
Suppose 6409 = 7*h + 1481. Let m(r) = r + 15. Let d be m(-10). Suppose -h = o - d*o. List the prime factors of o.
2, 11
Let s(w) = 6*w**2 + 14*w + 5. Let k be s(8). Let z = k + -380. List the prime factors of z.
11
Let p = 3558 + -2430. List the prime factors of p.
2, 3, 47
Suppose 353*i - 356*i + 390 = 0. List the prime factors of i.
2, 5, 13
Suppose 4*q - 240 = -32. Suppose 0 = y + q + 11. Let t = y + 303. List the prime factors of t.
2, 3, 5
Let s(h) = 37*h - 46. Let b be s(-3). Let g(p) = -p**3 - 14*p**2 - 5*p - 15. Let f be g(-14). Let x = f - b. List the prime factors of x.
2, 53
Let s(h) be the first derivative of -2*h**2 - 4*h - 7. Let r be s(-4). Suppose -3*p + 18 = -4*b - 30, -4*b = -r. What are the prime factors of p?
2, 5
Suppose -4*i = -4*t + 74 - 582, -493 = -4*i - t. Suppose 1126 = 126*y - i*y. What are the prime factors of y?
563
Suppose -3*i + 2*p + 2 = 0, 2*i = -17*p + 18*p + 3. Suppose 0 = -i*c + 13*c - 6507. What are the prime factors of c?
3, 241
Suppose 0 = -14*b - 2199 + 131853. What are the prime factors of b?
3, 7
Let a be ((-114)/4)/(12/(-40)). Suppose -4*c - 189 = -c + 3*y, 3*y + 313 = -5*c. Let v = a - c. What are the prime factors of v?
157
Suppose -5*g = -4*y - 1411 + 28272, -y + 5*g = -6734. List the prime factors of y.
6709
Let o(k) = -k**2 - 9*k + 10. Let p be o(-9). List the prime factors of (464/p + 4)/(1/5).
2, 3, 7
Suppose 0 = -3*i - 7*s + 8*s + 29372, 3*i + 4*s = 29377. What are the prime factors of i?
9791
Let y = -83402 + 169407. List the prime factors of y.
5, 103, 167
Suppose 31*w + 3656973 = 313*w - 1356705. What are the prime factors of w?
23, 773
Let b(k) = 7*k**3 + k**2 + 8*k + 22. Let o(f) = -8*f**3 - 2*f**2 - 8*f - 22. Let a(z) = 4*b(z) + 5*o(z). List the prime factors of a(-4).
2, 11, 31
Let c(x) = x**2 - 17*x + 36. Let q be c(15). What are the prime factors of -738*(4/q)/((-76)/57)?
3, 41
Let a = 20915 + -35075. What are the prime factors of a/(-9) - (-17)/(255/10)?
2, 787
Let b(l) = -2*l - 28. Let c be b(-16). Suppose -4*r - 860 = -c*j, -2*j - 4*r - 428 = -4*j. List the prime factors of j.
2, 3
Suppose 4*i - 6 = 7*i. Let h be i/8 + (-357)/12. Let y = -6 - h. What are the prime factors of y?
2, 3
Let z(l) = -233 - 23*l - 4*l + 56*l. What are the prime factors of z(32)?
5, 139
Suppose l + 2*v = 5*v + 40751, l - 40779 = -4*v. List the prime factors of l.
40763
Let d(s) be the first derivative of 28*s**3/3 - s**2 + 2*s + 6. Let z be d(-2). Suppose -z + 46 = -n. List the prime factors of n.
2, 3
Let p be (-3 + 6 - 4)/(3/18). Let z be (-7)/((-140)/528) + p/15. Suppose 0 = -z*r + 31*r - 730. What are the prime factors of r?
2, 73
List the prime factors of -3*540/16*(-51 + 15).
3, 5
Let u(l) = -22*l**2 - 15*l + 30. Let d be u(2). Suppose -128 - 280 = -3*n. Let q = d + n. What are the prime factors of q?
2, 3
What are the prime factors of 1586*8/64*(6 + -2)?
13, 61
Let f = -187 - -205. List the prime factors of (315/f*4)/((-4)/(-36)).
2, 3, 5, 7
Suppose -5*v = 5*i - 730, -3*v + v = i - 142. Suppose 3*m + i = 4*m. Suppose 2*q = -q + m. List the prime factors of q.
2, 5
Let p(d) = -d**3 - 38*d**2 - 49*d - 52. What are the prime factors of p(-38)?
2, 5, 181
Suppose -125*l + 38250 + 627460 = -48415. List the prime factors of l.
29, 197
List the prime factors of 93345/55 - (-20)/(-110).
1697
Let o(k) = 29*k**2 + 321*k - 20. List the prime factors of o(-46).
2, 3, 7, 1109
Let c(p) = -2*p**2 + 13*p + 13. Let q(t) = t**3 - 10*t**2 - t + 17. Let a be q(10). Let b be c(a). Let i = 64 + b. List the prime factors of i.
2, 5, 7
Suppose -4*a = -g - 243, -8*a = 